{"id":909,"date":"2025-07-22T13:33:30","date_gmt":"2025-07-22T18:33:30","guid":{"rendered":"https:\/\/codofil1.wpenginepowered.com\/?page_id=909"},"modified":"2025-10-24T09:40:25","modified_gmt":"2025-10-24T14:40:25","slug":"cecil-j-picard","status":"publish","type":"page","link":"https:\/\/codofil.org\/fr\/bourses-etudes\/cecil-j-picard\/","title":{"rendered":"Bourse Cecil J. Picard"},"content":{"rendered":"<div data-elementor-type=\"wp-page\" data-elementor-id=\"909\" class=\"elementor elementor-909\" data-elementor-post-type=\"page\">\n\t\t\t\t<div class=\"elementor-element elementor-element-3503dda e-flex e-con-boxed e-con e-parent\" data-id=\"3503dda\" data-element_type=\"container\">\n\t\t\t\t\t<div class=\"e-con-inner\">\n\t\t<div class=\"elementor-element elementor-element-6fa5471 e-con-full e-flex e-con e-child\" data-id=\"6fa5471\" data-element_type=\"container\">\n\t\t\t\t<div class=\"elementor-element elementor-element-4606f84 elementor-widget elementor-widget-image\" data-id=\"4606f84\" data-element_type=\"widget\" data-widget_type=\"image.default\">\n\t\t\t\t<div class=\"elementor-widget-container\">\n\t\t\t\t\t\t\t\t\t\t\t\t\t\t\t<img fetchpriority=\"high\" decoding=\"async\" width=\"800\" height=\"601\" src=\"https:\/\/codofil.org\/wp-content\/uploads\/2025\/07\/cecil-picard.png\" class=\"attachment-large size-large wp-image-929\" alt=\"Un groupe d&#039;\u00e9tudiants en France qui ont particip\u00e9 au programme de bourses Cecil J. Picard.\" srcset=\"https:\/\/codofil.org\/wp-content\/uploads\/2025\/07\/cecil-picard.png 800w, https:\/\/codofil.org\/wp-content\/uploads\/2025\/07\/cecil-picard-300x225.png 300w, https:\/\/codofil.org\/wp-content\/uploads\/2025\/07\/cecil-picard-768x577.png 768w, https:\/\/codofil.org\/wp-content\/uploads\/2025\/07\/cecil-picard-16x12.png 16w\" sizes=\"(max-width: 800px) 100vw, 800px\" \/>\t\t\t\t\t\t\t\t\t\t\t\t\t\t\t<\/div>\n\t\t\t\t<\/div>\n\t\t\t\t<\/div>\n\t\t<div class=\"elementor-element elementor-element-4818d54 e-con-full e-flex e-con e-child\" data-id=\"4818d54\" data-element_type=\"container\">\n\t\t\t\t<div class=\"elementor-element elementor-element-2b8d763 elementor-widget elementor-widget-text-editor\" data-id=\"2b8d763\" data-element_type=\"widget\" data-widget_type=\"text-editor.default\">\n\t\t\t\t<div class=\"elementor-widget-container\">\n\t\t\t\t\t\t\t\t\t<div class=\"elementor-element elementor-element-fcec19a e-con-full e-flex e-con e-child\" data-id=\"fcec19a\" data-element_type=\"container\"><div class=\"elementor-element elementor-element-8a57780 elementor-widget elementor-widget-text-editor\" data-id=\"8a57780\" data-element_type=\"widget\" data-widget_type=\"text-editor.default\"><div class=\"elementor-widget-container\"><div><div><div><div><div><div><div><div><div><p>La bourse Cecil J. Picard est offerte par La Fondation Louisiane et la Franco-American Benevolent Society pour participer \u00e0 un programme d'immersion fran\u00e7aise au <a href=\"https:\/\/www.cidef.uco.fr\/cidef-english-version\/\" target=\"_blank\" rel=\"noopener\">Centre international d'\u00e9tudes fran\u00e7aises (CIDEF)<\/a> \u00e0 l'Universit\u00e9 Catholique de l'Ouest (UCO) \u00e0 Angers en France. Cette bourse est destin\u00e9e aux \u00e9tudiants \u00e2g\u00e9s de 18 ans ou plus pour participer \u00e0 un programme de quatre semaines.\u00a0<\/p><\/div><\/div><\/div><\/div><\/div><\/div><\/div><\/div><\/div><\/div><\/div><\/div>\t\t\t\t\t\t\t\t<\/div>\n\t\t\t\t<\/div>\n\t\t\t\t<\/div>\n\t\t\t\t\t<\/div>\n\t\t\t\t<\/div>\n\t\t<div class=\"elementor-element elementor-element-5dcffeb e-flex e-con-boxed e-con e-parent\" data-id=\"5dcffeb\" data-element_type=\"container\">\n\t\t\t\t\t<div class=\"e-con-inner\">\n\t\t<div class=\"elementor-element elementor-element-df4828b e-con-full e-flex e-con e-child\" data-id=\"df4828b\" data-element_type=\"container\">\n\t\t\t\t<div class=\"elementor-element elementor-element-f3ac100 elementor-widget elementor-widget-heading\" data-id=\"f3ac100\" data-element_type=\"widget\" data-widget_type=\"heading.default\">\n\t\t\t\t<div class=\"elementor-widget-container\">\n\t\t\t\t\t<h2 class=\"elementor-heading-title elementor-size-default\">Description du programme<\/h2>\t\t\t\t<\/div>\n\t\t\t\t<\/div>\n\t\t\t\t<div class=\"elementor-element elementor-element-ce6c6c0 elementor-widget elementor-widget-text-editor\" data-id=\"ce6c6c0\" data-element_type=\"widget\" data-widget_type=\"text-editor.default\">\n\t\t\t\t<div class=\"elementor-widget-container\">\n\t\t\t\t\t\t\t\t\t<div><div><div><p>Apr\u00e8s avoir pass\u00e9 un test de niveau, le b\u00e9n\u00e9ficiaire sera inscrit dans un cours de fran\u00e7ais en fonction de son niveau (entre A1 et C1). Le b\u00e9n\u00e9ficiaire participera \u00e0 une vari\u00e9t\u00e9 d'activit\u00e9s culturelles telles qu'un cours de cuisine, des visites de ch\u00e2teaux et de mus\u00e9es, et une visite d'une chocolaterie. Il pourra \u00e9galement s'inscrire \u00e0 des excursions (Mont-Saint-Michel et Saint-Malo, ch\u00e2teaux de la Loire, plages du d\u00e9barquement en Normandie, etc.) A l'issue des 70 heures de cours, le b\u00e9n\u00e9ficiaire recevra un certificat de langue et de culture fran\u00e7aises indiquant son niveau et le nombre d'heures de cours.<\/p><\/div><\/div><\/div>\t\t\t\t\t\t\t\t<\/div>\n\t\t\t\t<\/div>\n\t\t\t\t<\/div>\n\t\t\t\t<div class=\"elementor-element elementor-element-48a7999 elementor-widget elementor-widget-heading\" data-id=\"48a7999\" data-element_type=\"widget\" data-widget_type=\"heading.default\">\n\t\t\t\t<div class=\"elementor-widget-container\">\n\t\t\t\t\t<h3 class=\"elementor-heading-title elementor-size-default\">Que comprend la bourse ?<\/h3>\t\t\t\t<\/div>\n\t\t\t\t<\/div>\n\t\t\t\t<div class=\"elementor-element elementor-element-209f98c elementor-widget elementor-widget-text-editor\" data-id=\"209f98c\" data-element_type=\"widget\" data-widget_type=\"text-editor.default\">\n\t\t\t\t<div class=\"elementor-widget-container\">\n\t\t\t\t\t\t\t\t\t<p>La bourse couvre les frais d'inscription, quatre semaines de cours de fran\u00e7ais, le mat\u00e9riel p\u00e9dagogique, le logement, les repas, les activit\u00e9s organis\u00e9es par le CIDEF et cinq excursions. Le boursier pourra choisir de loger dans une famille d'accueil ou dans une r\u00e9sidence \u00e9tudiante priv\u00e9e. Chaque option de logement offre un plan de repas diff\u00e9rent. Apr\u00e8s le paiement au CIDEF des frais mentionn\u00e9s ci-dessus, le solde de la bourse doit \u00eatre utilis\u00e9 pour l'achat du billet d'avion du boursier.<\/p><p>Le boursier prend en charge les frais de passeport, l'assurance voyage couvrant les frais m\u00e9dicaux, de rapatriement et de voyage, le billet d'avion aller-retour (partie non couverte par la bourse) et les transports terrestres en France.<\/p>\t\t\t\t\t\t\t\t<\/div>\n\t\t\t\t<\/div>\n\t\t\t\t<div class=\"elementor-element elementor-element-771203d elementor-widget elementor-widget-heading\" data-id=\"771203d\" data-element_type=\"widget\" data-widget_type=\"heading.default\">\n\t\t\t\t<div class=\"elementor-widget-container\">\n\t\t\t\t\t<h3 class=\"elementor-heading-title elementor-size-default\">Dates importantes et informations sur les voyages<\/h3>\t\t\t\t<\/div>\n\t\t\t\t<\/div>\n\t\t\t\t\t<\/div>\n\t\t\t\t<\/div>\n\t\t<div class=\"elementor-element elementor-element-8393e04 e-flex e-con-boxed e-con e-parent\" data-id=\"8393e04\" data-element_type=\"container\">\n\t\t\t\t\t<div class=\"e-con-inner\">\n\t\t\t\t<div class=\"elementor-element elementor-element-4409276 elementor-widget elementor-widget-text-editor\" data-id=\"4409276\" data-element_type=\"widget\" data-widget_type=\"text-editor.default\">\n\t\t\t\t<div class=\"elementor-widget-container\">\n\t\t\t\t\t\t\t\t\t<ul><li>Lundi 29 juin 2026 - Arriv\u00e9e \u00e0 Angers<\/li><li>Mardi 30 juin 2026 - Test de positionnement \u00e0 9 heures.<\/li><li>Mercredi 1er juillet 2026 - D\u00e9but des cours<\/li><li>Vendredi 24 juillet 2026 - Fin des cours ; remise des certificats<\/li><li>Samedi 25 juillet 2026 - D\u00e9part d'Angers pour retourner en Louisiane<\/li><\/ul><p>Les organisateurs du programme vous attendent \u00e0 Angers le lundi 29 juin 2026. Compte tenu du d\u00e9calage horaire de 7 heures entre la Louisiane et la France (la France a 7 heures d'avance sur nous), vous devriez pr\u00e9voir de quitter la Louisiane le dimanche 28 juin 2026. Une fois le programme termin\u00e9, vous devrez quitter l'universit\u00e9 pour rentrer chez vous le samedi 25 juillet 2026.<\/p>\t\t\t\t\t\t\t\t<\/div>\n\t\t\t\t<\/div>\n\t\t\t\t<div class=\"elementor-element elementor-element-0d44bd9 elementor-widget elementor-widget-spacer\" data-id=\"0d44bd9\" data-element_type=\"widget\" data-widget_type=\"spacer.default\">\n\t\t\t\t<div class=\"elementor-widget-container\">\n\t\t\t\t\t\t\t<div class=\"elementor-spacer\">\n\t\t\t<div class=\"elementor-spacer-inner\"><\/div>\n\t\t<\/div>\n\t\t\t\t\t\t<\/div>\n\t\t\t\t<\/div>\n\t\t\t\t<div class=\"elementor-element elementor-element-aabddce elementor-widget elementor-widget-heading\" data-id=\"aabddce\" data-element_type=\"widget\" data-widget_type=\"heading.default\">\n\t\t\t\t<div class=\"elementor-widget-container\">\n\t\t\t\t\t<h2 class=\"elementor-heading-title elementor-size-default\">Date limite de candidature<\/h2>\t\t\t\t<\/div>\n\t\t\t\t<\/div>\n\t\t\t\t\t<\/div>\n\t\t\t\t<\/div>\n\t\t<div class=\"elementor-element elementor-element-1578e52 e-flex e-con-boxed e-con e-parent\" data-id=\"1578e52\" data-element_type=\"container\">\n\t\t\t\t\t<div class=\"e-con-inner\">\n\t\t\t\t<div class=\"elementor-element elementor-element-4002378 elementor-widget elementor-widget-heading\" data-id=\"4002378\" data-element_type=\"widget\" data-widget_type=\"heading.default\">\n\t\t\t\t<div class=\"elementor-widget-container\">\n\t\t\t\t\t<h3 class=\"elementor-heading-title elementor-size-default\">27 f\u00e9vrier 2026<\/h3>\t\t\t\t<\/div>\n\t\t\t\t<\/div>\n\t\t\t\t\t<\/div>\n\t\t\t\t<\/div>\n\t\t<div class=\"elementor-element elementor-element-94c76a3 e-flex e-con-boxed e-con e-parent\" data-id=\"94c76a3\" data-element_type=\"container\">\n\t\t\t\t\t<div class=\"e-con-inner\">\n\t\t\t\t<div class=\"elementor-element elementor-element-2174ea5 elementor-widget-divider--view-line elementor-widget elementor-widget-divider\" data-id=\"2174ea5\" data-element_type=\"widget\" data-widget_type=\"divider.default\">\n\t\t\t\t<div class=\"elementor-widget-container\">\n\t\t\t\t\t\t\t<div class=\"elementor-divider\">\n\t\t\t<span class=\"elementor-divider-separator\">\n\t\t\t\t\t\t<\/span>\n\t\t<\/div>\n\t\t\t\t\t\t<\/div>\n\t\t\t\t<\/div>\n\t\t\t\t\t<\/div>\n\t\t\t\t<\/div>\n\t\t<div class=\"elementor-element elementor-element-a6a4103 e-flex e-con-boxed e-con e-parent\" data-id=\"a6a4103\" data-element_type=\"container\">\n\t\t\t\t\t<div class=\"e-con-inner\">\n\t\t\t\t<div class=\"elementor-element elementor-element-f2c4a71 elementor-widget elementor-widget-heading\" data-id=\"f2c4a71\" data-element_type=\"widget\" data-widget_type=\"heading.default\">\n\t\t\t\t<div class=\"elementor-widget-container\">\n\t\t\t\t\t<h2 class=\"elementor-heading-title elementor-size-default\">Bourse Cecil J. Picard<\/h2>\t\t\t\t<\/div>\n\t\t\t\t<\/div>\n\t\t\t\t<div class=\"elementor-element elementor-element-b9b7d0a elementor-align-center elementor-widget elementor-widget-button\" data-id=\"b9b7d0a\" data-element_type=\"widget\" data-widget_type=\"button.default\">\n\t\t\t\t<div class=\"elementor-widget-container\">\n\t\t\t\t\t\t\t\t\t<div class=\"elementor-button-wrapper\">\n\t\t\t\t\t<a class=\"elementor-button elementor-button-link elementor-size-sm\" href=\"https:\/\/codofil.org\/fr\/candidater-une-bourse-etudes-universitaires\/\">\n\t\t\t\t\t\t<span class=\"elementor-button-content-wrapper\">\n\t\t\t\t\t\t\t\t\t<span class=\"elementor-button-text\">Candidater<\/span>\n\t\t\t\t\t<\/span>\n\t\t\t\t\t<\/a>\n\t\t\t\t<\/div>\n\t\t\t\t\t\t\t\t<\/div>\n\t\t\t\t<\/div>\n\t\t\t\t\t<\/div>\n\t\t\t\t<\/div>\n\t\t\t\t<\/div>","protected":false},"excerpt":{"rendered":"<p>La bourse Cecil J. Picard est offerte par La Fondation Louisiane et la Franco-American Benevolent Society pour participer \u00e0 un programme d'immersion en fran\u00e7ais au Centre international d'\u00e9tudes fran\u00e7aises (CIDEF) de l'Universit\u00e9 catholique de l'Ouest (UCO) \u00e0 Angers, en France. Cette bourse est destin\u00e9e aux \u00e9tudiants \u00e2g\u00e9s de 18 ans ou plus pour participer \u00e0 un...<\/p>","protected":false},"author":10,"featured_media":929,"parent":643,"menu_order":0,"comment_status":"closed","ping_status":"closed","template":"","meta":{"_acf_changed":false,"footnotes":"","_links_to":"","_links_to_target":""},"class_list":["post-909","page","type-page","status-publish","has-post-thumbnail","hentry"],"acf":[],"_links":{"self":[{"href":"https:\/\/codofil.org\/fr\/wp-json\/wp\/v2\/pages\/909","targetHints":{"allow":["GET"]}}],"collection":[{"href":"https:\/\/codofil.org\/fr\/wp-json\/wp\/v2\/pages"}],"about":[{"href":"https:\/\/codofil.org\/fr\/wp-json\/wp\/v2\/types\/page"}],"author":[{"embeddable":true,"href":"https:\/\/codofil.org\/fr\/wp-json\/wp\/v2\/users\/10"}],"replies":[{"embeddable":true,"href":"https:\/\/codofil.org\/fr\/wp-json\/wp\/v2\/comments?post=909"}],"version-history":[{"count":0,"href":"https:\/\/codofil.org\/fr\/wp-json\/wp\/v2\/pages\/909\/revisions"}],"up":[{"embeddable":true,"href":"https:\/\/codofil.org\/fr\/wp-json\/wp\/v2\/pages\/643"}],"wp:featuredmedia":[{"embeddable":true,"href":"https:\/\/codofil.org\/fr\/wp-json\/wp\/v2\/media\/929"}],"wp:attachment":[{"href":"https:\/\/codofil.org\/fr\/wp-json\/wp\/v2\/media?parent=909"}],"curies":[{"name":"wp","href":"https:\/\/api.w.org\/{rel}","templated":true}]}}

<div data-elementor-type="wp-page" data-elementor-id="909" class="elementor elementor-909" data-elementor-post-type="page">
				<div class="elementor-element elementor-element-3503dda e-flex e-con-boxed e-con e-parent" data-id="3503dda" data-element_type="container">
					<div class="e-con-inner">
		<div class="elementor-element elementor-element-6fa5471 e-con-full e-flex e-con e-child" data-id="6fa5471" data-element_type="container">
				<div class="elementor-element elementor-element-4606f84 elementor-widget elementor-widget-image" data-id="4606f84" data-element_type="widget" data-widget_type="image.default">
				<div class="elementor-widget-container">
															<img fetchpriority="high" decoding="async" width="800" height="601" src="https://codofil.org/wp-content/uploads/2025/07/cecil-picard.png" class="attachment-large size-large wp-image-929" alt="Un groupe d&#039;étudiants en France qui ont participé au programme de bourses Cecil J. Picard." srcset="https://codofil.org/wp-content/uploads/2025/07/cecil-picard.png 800w, https://codofil.org/wp-content/uploads/2025/07/cecil-picard-300x225.png 300w, https://codofil.org/wp-content/uploads/2025/07/cecil-picard-768x577.png 768w, https://codofil.org/wp-content/uploads/2025/07/cecil-picard-16x12.png 16w" sizes="(max-width: 800px) 100vw, 800px" />															</div>
				</div>
				</div>
		<div class="elementor-element elementor-element-4818d54 e-con-full e-flex e-con e-child" data-id="4818d54" data-element_type="container">
				<div class="elementor-element elementor-element-2b8d763 elementor-widget elementor-widget-text-editor" data-id="2b8d763" data-element_type="widget" data-widget_type="text-editor.default">
				<div class="elementor-widget-container">
									<div class="elementor-element elementor-element-fcec19a e-con-full e-flex e-con e-child" data-id="fcec19a" data-element_type="container"><div class="elementor-element elementor-element-8a57780 elementor-widget elementor-widget-text-editor" data-id="8a57780" data-element_type="widget" data-widget_type="text-editor.default"><div class="elementor-widget-container"><div><div><div><div><div><div><div><div><div><p>La bourse Cecil J. Picard est offerte par La Fondation Louisiane et la Franco-American Benevolent Society pour participer à un programme d'immersion française au <a href="https://www.cidef.uco.fr/cidef-english-version/" target="_blank" rel="noopener">Centre international d'études françaises (CIDEF)</a> à l'Université Catholique de l'Ouest (UCO) à Angers en France. Cette bourse est destinée aux étudiants âgés de 18 ans ou plus pour participer à un programme de quatre semaines. </p></div></div></div></div></div></div></div></div></div></div></div></div>								</div>
				</div>
				</div>
					</div>
				</div>
		<div class="elementor-element elementor-element-5dcffeb e-flex e-con-boxed e-con e-parent" data-id="5dcffeb" data-element_type="container">
					<div class="e-con-inner">
		<div class="elementor-element elementor-element-df4828b e-con-full e-flex e-con e-child" data-id="df4828b" data-element_type="container">
				<div class="elementor-element elementor-element-f3ac100 elementor-widget elementor-widget-heading" data-id="f3ac100" data-element_type="widget" data-widget_type="heading.default">
				<div class="elementor-widget-container">
					<h2 class="elementor-heading-title elementor-size-default">Description du programme</h2>				</div>
				</div>
				<div class="elementor-element elementor-element-ce6c6c0 elementor-widget elementor-widget-text-editor" data-id="ce6c6c0" data-element_type="widget" data-widget_type="text-editor.default">
				<div class="elementor-widget-container">
									<div><div><div><p>Après avoir passé un test de niveau, le bénéficiaire sera inscrit dans un cours de français en fonction de son niveau (entre A1 et C1). Le bénéficiaire participera à une variété d'activités culturelles telles qu'un cours de cuisine, des visites de châteaux et de musées, et une visite d'une chocolaterie. Il pourra également s'inscrire à des excursions (Mont-Saint-Michel et Saint-Malo, châteaux de la Loire, plages du débarquement en Normandie, etc.) A l'issue des 70 heures de cours, le bénéficiaire recevra un certificat de langue et de culture françaises indiquant son niveau et le nombre d'heures de cours.</p></div></div></div>								</div>
				</div>
				</div>
				<div class="elementor-element elementor-element-48a7999 elementor-widget elementor-widget-heading" data-id="48a7999" data-element_type="widget" data-widget_type="heading.default">
				<div class="elementor-widget-container">
					<h3 class="elementor-heading-title elementor-size-default">Que comprend la bourse ?</h3>				</div>
				</div>
				<div class="elementor-element elementor-element-209f98c elementor-widget elementor-widget-text-editor" data-id="209f98c" data-element_type="widget" data-widget_type="text-editor.default">
				<div class="elementor-widget-container">
									<p>La bourse couvre les frais d'inscription, quatre semaines de cours de français, le matériel pédagogique, le logement, les repas, les activités organisées par le CIDEF et cinq excursions. Le boursier pourra choisir de loger dans une famille d'accueil ou dans une résidence étudiante privée. Chaque option de logement offre un plan de repas différent. Après le paiement au CIDEF des frais mentionnés ci-dessus, le solde de la bourse doit être utilisé pour l'achat du billet d'avion du boursier.</p><p>Le boursier prend en charge les frais de passeport, l'assurance voyage couvrant les frais médicaux, de rapatriement et de voyage, le billet d'avion aller-retour (partie non couverte par la bourse) et les transports terrestres en France.</p>								</div>
				</div>
				<div class="elementor-element elementor-element-771203d elementor-widget elementor-widget-heading" data-id="771203d" data-element_type="widget" data-widget_type="heading.default">
				<div class="elementor-widget-container">
					<h3 class="elementor-heading-title elementor-size-default">Dates importantes et informations sur les voyages</h3>				</div>
				</div>
					</div>
				</div>
		<div class="elementor-element elementor-element-8393e04 e-flex e-con-boxed e-con e-parent" data-id="8393e04" data-element_type="container">
					<div class="e-con-inner">
				<div class="elementor-element elementor-element-4409276 elementor-widget elementor-widget-text-editor" data-id="4409276" data-element_type="widget" data-widget_type="text-editor.default">
				<div class="elementor-widget-container">
									<ul><li>Lundi 29 juin 2026 - Arrivée à Angers</li><li>Mardi 30 juin 2026 - Test de positionnement à 9 heures.</li><li>Mercredi 1er juillet 2026 - Début des cours</li><li>Vendredi 24 juillet 2026 - Fin des cours ; remise des certificats</li><li>Samedi 25 juillet 2026 - Départ d'Angers pour retourner en Louisiane</li></ul><p>Les organisateurs du programme vous attendent à Angers le lundi 29 juin 2026. Compte tenu du décalage horaire de 7 heures entre la Louisiane et la France (la France a 7 heures d'avance sur nous), vous devriez prévoir de quitter la Louisiane le dimanche 28 juin 2026. Une fois le programme terminé, vous devrez quitter l'université pour rentrer chez vous le samedi 25 juillet 2026.</p>								</div>
				</div>
				<div class="elementor-element elementor-element-0d44bd9 elementor-widget elementor-widget-spacer" data-id="0d44bd9" data-element_type="widget" data-widget_type="spacer.default">
				<div class="elementor-widget-container">
							<div class="elementor-spacer">
			<div class="elementor-spacer-inner"></div>
		</div>
						</div>
				</div>
				<div class="elementor-element elementor-element-aabddce elementor-widget elementor-widget-heading" data-id="aabddce" data-element_type="widget" data-widget_type="heading.default">
				<div class="elementor-widget-container">
					<h2 class="elementor-heading-title elementor-size-default">Date limite de candidature</h2>				</div>
				</div>
					</div>
				</div>
		<div class="elementor-element elementor-element-1578e52 e-flex e-con-boxed e-con e-parent" data-id="1578e52" data-element_type="container">
					<div class="e-con-inner">
				<div class="elementor-element elementor-element-4002378 elementor-widget elementor-widget-heading" data-id="4002378" data-element_type="widget" data-widget_type="heading.default">
				<div class="elementor-widget-container">
					<h3 class="elementor-heading-title elementor-size-default">27 février 2026</h3>				</div>
				</div>
					</div>
				</div>
		<div class="elementor-element elementor-element-94c76a3 e-flex e-con-boxed e-con e-parent" data-id="94c76a3" data-element_type="container">
					<div class="e-con-inner">
				<div class="elementor-element elementor-element-2174ea5 elementor-widget-divider--view-line elementor-widget elementor-widget-divider" data-id="2174ea5" data-element_type="widget" data-widget_type="divider.default">
				<div class="elementor-widget-container">
							<div class="elementor-divider">
			<span class="elementor-divider-separator">
						</span>
		</div>
						</div>
				</div>
					</div>
				</div>
		<div class="elementor-element elementor-element-a6a4103 e-flex e-con-boxed e-con e-parent" data-id="a6a4103" data-element_type="container">
					<div class="e-con-inner">
				<div class="elementor-element elementor-element-f2c4a71 elementor-widget elementor-widget-heading" data-id="f2c4a71" data-element_type="widget" data-widget_type="heading.default">
				<div class="elementor-widget-container">
					<h2 class="elementor-heading-title elementor-size-default">Bourse Cecil J. Picard</h2>				</div>
				</div>
				<div class="elementor-element elementor-element-b9b7d0a elementor-align-center elementor-widget elementor-widget-button" data-id="b9b7d0a" data-element_type="widget" data-widget_type="button.default">
				<div class="elementor-widget-container">
									<div class="elementor-button-wrapper">
					<a class="elementor-button elementor-button-link elementor-size-sm" href="https://codofil.org/fr/candidater-une-bourse-etudes-universitaires/">
						<span class="elementor-button-content-wrapper">
									<span class="elementor-button-text">Candidater</span>
					</span>
					</a>
				</div>
								</div>
				</div>
					</div>
				</div>
				</div>

<p>La bourse Cecil J. Picard est offerte par La Fondation Louisiane et la Franco-American Benevolent Society pour participer à un programme d'immersion en français au Centre international d'études françaises (CIDEF) de l'Université catholique de l'Ouest (UCO) à Angers, en France. Cette bourse est destinée aux étudiants âgés de 18 ans ou plus pour participer à un...</p>
